et w(m) = -2020*m + 20184. Calculate w(10).
-16
Let a(c) = c**3 - 12*c**2 + 22*c - 88. Determine a(11).
33
Let o(v) = 3*v**3 - 9*v**2 + 10*v. Calculate o(4).
88
Let j(k) = k**3 + 39*k**2 + 345*k - 112. Calculate j(-26).
-294
Let o(p) = 49410*p + 148228. Give o(-3).
-2
Let t(y) = -y**3 - 11*y**2 - 32*y + 15. What is t(-6)?
27
Let x(k) = k**3 - 9*k**2 + 13*k + 10. Calculate x(7).
3
Let v(o) = -21*o**3 + 420*o**2 - o + 47. Calculate v(20).
27
Let d(o) = -2*o**2 + 5*o + 16. Determine d(3).
13
Let s(w) = -11*w + 151. What is s(16)?
-25
Let b(f) = f**3 + 6*f**2 + 23*f + 31. What is b(-3)?
-11
Let m(p) = -12*p + 62. Give m(10).
-58
Let g(u) = u**3 + 31*u**2 + 42. Give g(-31).
42
Let q(w) = -4*w**2 + 289*w + 246. What is q(73)?
27
Let i(p) = -p**3 - 105*p**2 - 434*p - 3034. Determine i(-101).
-4
Let g(b) = -184*b**3 + 3*b**2 - b - 2. Determine g(1).
-184
Let o(g) = -g**3 - 19*g**2 - 60*g - 7. Determine o(-15).
-7
Let s(f) = f**3 - f**2 + 2*f - 11. Determine s(4).
45
Let w(y) = 55*y**2 - 13. Give w(-1).
42
Let z(q) = -18*q - 1145. Calculate z(-45).
-335
Let m(f) = -118*f - 804. Give m(-7).
22
Let y(d) = 12*d**2 + 61*d - 35. Determine y(-5).
-40
Let d(s) = s**3 + 3*s**2 + 74*s - 6. Determine d(0).
-6
Let z(b) = -55*b**3 + 2*b**2 - b. Calculate z(-1).
58
Let o(q) = -3*q**2 + 6475*q - 6475. What is o(1)?
-3
Let a(s) = -5*s**2 + 23*s + 187. Determine a(9).
-11
Let n(u) = 466*u + 2323. What is n(-5)?
-7
Let c(i) = -3*i + 14. Determine c(1).
11
Let r(v) = 3*v**3 + 7*v**2 - 3*v + 2. Determine r(3).
137
Let d(g) = -g**3 + 25*g**2 + 90*g + 20. Calculate d(28).
188
Let y(k) = -2*k + 766. Determine y(40).
686
Let h(s) = -28*s + 109. Calculate h(-14).
501
Let w(s) = -s**2 - 30*s - 168. What is w(-10)?
32
Let a(k) = 50*k + 6. What is a(-1)?
-44
Let l(w) = w**3 + 7*w**2 - 37*w - 12. Calculate l(6).
234
Let a(z) = -424*z - 24607. Give a(-58).
-15
Let s(x) = -52*x - 3425. Calculate s(-66).
7
Let s(v) = v**3 + 22*v**2 - 103*v - 44. Calculate s(-26).
-70
Let y(w) = 4*w**2 + 56*w + 69. Determine y(-16).
197
Let k(n) = -n**3 - 27*n**2 + 512*n - 339. Give k(-40).
-19
Let z(a) = a**3 - 24*a**2 + 10*a - 221. Give z(24).
19
Let o(a) = -10*a - 217. Calculate o(-13).
-87
Let u(x) = -16638*x + 216295. What is u(13)?
1
Let c(j) = j**2 - 32*j + 223. Calculate c(21).
-8
Let b(d) = d**2 + 302*d + 5353. Give b(-19).
-24
Let l(r) = -49*r**2 - 140*r + 14. Calculate l(-3).
-7
Let v(z) = -z**3 - 51*z**2 + 1321*z - 632. Give v(-70).
-2
Let l(b) = -b**2 + 25*b + 42. Determine l(-5).
-108
Let l(r) = -r**3 - 13*r**2 + 23*r + 485. Give l(-8).
-19
Let b(i) = 2*i**3 + 1151*i**2 - 18322*i - 590. Determine b(-591).
1
Let n(w) = 194*w - 963. Give n(5).
7
Let c(k) = k**2 + 172*k + 6467. What is c(-56)?
-29
Let j(f) = -8*f**2 + 127*f - 1. Give j(16).
-17
Let v(d) = d**3 - 21*d**2 - 17*d - 101. Calculate v(22).
9
Let b(i) = i**3 - 88*i**2 - 86. Calculate b(88).
-86
Let q(h) = h**2 + 28*h + 135. Calculate q(-22).
3
Let z(p) = 44*p - 308. What is z(11)?
176
Let m(k) = -4*k + 77. Calculate m(21).
-7
Let l(s) = -15*s**2 + 8*s - 9. Calculate l(1).
-16
Let s(q) = 4*q**3 + 42*q**2 - 25*q - 26. Give s(-11).
7
Let n(o) = 147*o - 13525. What is n(92)?
-1
Let o(w) = 306*w - 58. Give o(0).
-58
Let k(y) = y**2 - 27. Determine k(7).
22
Let j(a) = -a**3 + 18*a**2 + 142*a - 12. Determine j(24).
-60
Let r(m) = 4*m**3 + 25*m**2 - 138*m - 873. What is r(-6)?
-9
Let s(q) = q**2 + 49*q - 1040. Determine s(17).
82
Let d(p) = -93*p - 1947. Determine d(-21).
6
Let c(o) = o**3 - 43*o**2 + 86*o - 3689. What is c(43)?
9
Let v(m) = m**3 + 51*m**2 + 96*m - 115. What is v(-49)?
-17
Let c(n) = -180*n - 2056. Determine c(-12).
104
Let x(b) = -3*b**2 + 140*b + 837. Calculate x(-6).
-111
Let k(s) = 2*s**2 - 105*s - 400. Calculate k(-4).
52
Let h(z) = 103*z + 934. Calculate h(-9).
7
Let d(o) = 3*o**2 + 138*o - 711. Determine d(-51).
54
Let x(l) = l**3 + 116*l**2 - 228*l + 936. Give x(-118).
-8
Let t(j) = -16*j + 401. Determine t(26).
-15
Let h(b) = -b**2 + 205*b - 33. Give h(0).
-33
Let j(w) = -113*w + 595. What is j(6)?
-83
Let t(z) = -z**3 - 46*z**2 + 2*z - 72. Calculate t(-46).
-164
Let d(o) = -259*o + 4142. Calculate d(16).
-2
Let y(g) = -g**2 - 225*g + 8406. Determine y(33).
-108
Let b(r) = -7*r**2 - 117*r - 69. Determine b(-16).
11
Let i(m) = -171*m + 5641. Determine i(33).
-2
Let b(n) = 24*n - 809. What is b(32)?
-41
Let i(v) = v**3 - 24*v**2 + 47*v - 71. What is i(22)?
-5
Let d(b) = -b**3 - 2*b**2 + 35*b + 13. What is d(-7)?
13
Let m(k) = k**3 - 344*k**2 + 2144*k - 39209. Determine m(338).
-1
Let v(m) = 2*m**3 + 3*m**2 - 14*m - 30. Determine v(-2).
-6
Let f(x) = -x**3 + 38*x**2 + 36*x + 95. What is f(39)?
-22
Let j(m) = 10*m**2 - 250*m + 317. Give j(24).
77
Let a(y) = 5*y**2 + 23*y - 1. What is a(-3)?
-25
Let x(k) = -4*k**3 + 169*k**2 - k - 8. Give x(0).
-8
Let b(k) = k**3 - 8*k**2 + 37*k - 38. Determine b(8).
258
Let q(k) = 483*k - 10573. Give q(22).
53
Let j(m) = -3*m**3 - 107*m**2 - 165*m + 167. What is j(-34)?
-3
Let m(y) = y**3 + 17*y**2 + 17*y - 24. Calculate m(-16).
-40
Let m(f) = 21*f**3 + 6*f**2 + 8*f + 7. Determine m(-2).
-153
Let y(f) = -5*f**2 + 5*f + 145. Determine y(8).
-135
Let l(d) = 52*d - 40. What is l(-2)?
-144
Let x(l) = 2*l**3 - 112*l**2 + 771*l - 156. Calculate x(48).
-12
Let y(h) = 7*h**2 + 542*h + 542. What is y(-1)?
7
Let p(x) = 2*x**2 - 471*x + 1862. Give p(4).
10
Let s(t) = -6225*t - 130733. Calculate s(-21).
-8
Let h(g) = -63*g + 2052. Give h(31).
99
Let f(x) = 39*x - 2288. What is f(58)?
-26
Let m(z) = -4529*z + 9063. Give m(2).
5
Let p(f) = -10*f + 114. Determine p(9).
24
Let u(r) = -1109*r + 43248. Give u(39).
-3
Let f(i) = i**3 + 22*i**2 + 68*i - 35. What is f(-18)?
37
Let c(r) = 31*r**2 - 4*r + 16. Give c(3).
283
Let n(v) = -2*v**3 + 53*v**2 - 72*v + 31. Calculate n(25).
106
Let b(q) = 342*q + 1404. Determine b(-4).
36
Let u(s) = -157*s**3 - 2*s**2 + 5*s - 1. What is u(1)?
-155
Let i(h) = 8702*h - 87031. Calculate i(10).
-11
Let w(u) = -9*u + 42. Give w(-9).
123
Let z(t) = t**3 + 33*t**2 - 57*t + 454. What is z(-35)?
-1
Let f(c) = -1536*c - 7683. What is f(-5)?
-3
Let s(j) = -j**3 + 19*j**2 - 50*j + 25. Determine s(15).
175
Let b(f) = -f**2 - 137*f - 244. Determine b(-134).
158
Let q(a) = a**2 - 2738*a + 29988. Determine q(11).
-9
Let m(s) = 292*s - 1454. What is m(5)?
6
Let o(y) = -2*y**2 + 112*y - 914. Calculate o(10).
6
Let a(q) = 160*q**3 - 484*q**2 + 11*q + 2. Give a(3).
-1
Let d(o) = -o**3 - 11*o**2 + 12*o + 39. Calculate d(-6).
-213
Let y(x) = -2*x + 575. What is y(71)?
433
Let z(q) = -3*q**2 + 47*q + 448. Calculate z(-8).
-120
Let a(h) = -42*h**2 - 553*h - 93. What is a(-13)?
-2
Let w(m) = m**3 - 31*m**2 - 64*m + 70. Determine w(33).
136
Let y(b) = 1921*b + 3840. Give y(-2).
-2
Let z(x) = 7*x**3 + 2*x**2 - 6*x. Calculate z(3).
189
Let p(x) = -6*x**2 - 280*x - 1387. Determine p(-41).
7
Let m(d) = -d**2 - 27*d + 57. Determine m(-26).
83
Let m(j) = j**3 + 7*j**2 + 10*j + 13. Give m(-7).
-57
Let a(i) = 61*i**2 - 39*i + 17. What is a(3)?
449
Let u(o) = 21*o - 394. Determine u(19).
5
Let y(x) = -x + 247. Give y(-8).
255
Let r(l) = -l**3 + 7*l**2 - 8*l - 19. Give r(5).
-9
Let x(r) = r**3 - 11*r**2 - 128*r - 157. What is x(-6)?
-1
Let z(h) = -418*h + 14220. Calculate z(34).
8
Let t(q) = 37*q - 1211. Give t(33).
10
Let x(a) = 86*a**2 - 5*a - 1. What is x(-1)?
90
Let o(k) = -5*k**2 + 11*k - 37. Determine o(4).
-73
Let r(a) = a**3 - 46*a**2 - 322*a + 521. Determine r(52).
1
Let r(f) = f**3 + 71*f**2 - 67*f + 360. Give r(-72).
0
Let u(d) = -d**3 - 8*d**2 - 15*d - 6. Calculate u(-3).
-6
Let v(b) = 5*b**3 - 11*b**2 - 12*b + 8. What is v(4)?
104
Let v(t) = -49*t - 960. What is v(-20)?
20
Let k(b) = -30*b + 63. Calculate k(3).
-27
Let t(x) = -11*x + 67. Give t(-14).
221
Let x(k) = 4*k - 103. Determine x(4).
-87
Let d(u) = -2*u**3 - 82*u**2 - 78*u + 56. Determine d(-40).
-24
Let j(g) = g**3 + 97*g**2 - 737*g - 936. What is j(-104)?
0
Let h(s) = -2*s**3 - 118*s**2 - 4*s - 257. Give h(-59).
-21
Let f(p) = -141*p + 5498. Determine f(39).
-1
Let o(r) = 22*r + 992. Calculate o(-45).
2
Let z(a) = -20*a**2 + 902*a + 1810. What is z(-2)?
-74
Let c(n) = -2*n**3 + 21*n**2 + 22*n - 77. Calculate c(10).
243
Let q(i) = -7*i**2 - 310*i - 1602. Calculate q(-6).
6
Let v(l) = -l**3 - 21*l**2 + 15*l - 325. What is v